
7
What is the tens digit of 38036?
3
What is the hundreds digit of 1934?
9
What is the tens digit of 32733?
3
What is the tens digit of 6208?
0
What is the units digit of 74855?
5
What is the thousands digit of 80945?
0
What is the units digit of 1482?
2
What is the units digit of 5820?
0
What is the tens digit of 123?
2
What is the tens digit of 9837?
3
What is the tens digit of 97?
9
What is the units digit of 56122?
2
What is the hundreds digit of 28657?
6
What is the tens digit of 33091?
9
What is the tens digit of 14696?
9
What is the tens digit of 9098?
9
What is the hundreds digit of 2971?
9
What is the thousands digit of 4619?
4
What is the tens digit of 4263?
6
What is the tens digit of 38681?
8
What is the thousands digit of 13973?
3
What is the ten thousands digit of 32523?
3
What is the hundreds digit of 1576?
5
What is the hundreds digit of 9449?
4
What is the hundreds digit of 3463?
4
What is the hundreds digit of 35762?
7
What is the hundreds digit of 8403?
4
What is the ten thousands digit of 13006?
1
What is the tens digit of 13221?
2
What is the hundreds digit of 84525?
5
What is the hundreds digit of 6393?
3
What is the units digit of 51418?
8
What is the thousands digit of 21889?
1
What is the units digit of 956?
6
What is the ten thousands digit of 14063?
1
What is the hundreds digit of 1244?
2
What is the units digit of 2458?
8
What is the thousands digit of 16954?
6
What is the hundreds digit of 502?
5
What is the ten thousands digit of 120108?
2
What is the tens digit of 3157?
5
What is the thousands digit of 3389?
3
What is the units digit of 1207?
7
What is the tens digit of 873?
7
What is the units digit of 1967?
7
What is the hundreds digit of 3606?
6
What is the tens digit of 44919?
1
What is the ten thousands digit of 11730?
1
What is the tens digit of 546?
4
What is the tens digit of 877?
7
What is the tens digit of 17?
1
What is the hundreds digit of 70536?
5
What is the ten thousands digit of 60580?
6
What is the units digit of 179?
9
What is the tens digit of 32319?
1
What is the tens digit of 53305?
0
What is the tens digit of 2601?
0
What is the tens digit of 507?
0
What is the units digit of 35939?
9
What is the tens digit of 401?
0
What is the tens digit of 2950?
5
What is the units digit of 71200?
0
What is the tens digit of 2205?
0
What is the tens digit of 1951?
5
What is the units digit of 7878?
8
What is the units digit of 18486?
6
What is the thousands digit of 24261?
4
What is the tens digit of 2621?
2
What is the units digit of 4230?
0
What is the tens digit of 16492?
9
What is the tens digit of 18263?
6
What is the hundreds digit of 659?
6
What is the units digit of 86023?
3
What is the hundreds digit of 345?
3
What is the tens digit of 5217?
1
What is the hundreds digit of 35854?
8
What is the hundreds digit of 1018?
0
What is the hundreds digit of 2664?
6
What is the ten thousands digit of 10003?
1
What is the hundreds digit of 6245?
2
What is the hundreds digit of 4103?
1
What is the hundreds digit of 2426?
4
What is the tens digit of 234?
3
What is the ten thousands digit of 75667?
7
What is the units digit of 1653?
3
What is the hundreds digit of 1240?
2
What is the hundreds digit of 10091?
0
What is the hundreds digit of 27052?
0
What is the hundreds digit of 12612?
6
What is the units digit of 1930?
0
What is the thousands digit of 14302?
4
What is the thousands digit of 6642?
6
What is the hundreds digit of 20895?
8
What is the ten thousands digit of 41821?
4
What is the tens digit of 1418?
1
What is the units digit of 7507?
7
What is the hundreds digit of 41365?
3
What is the units digit of 1026?
6
What is the hundreds digit of 4155?
1
What is the hundreds digit of 465?
4
What is the thousands digit of 145456?
5
What is the thousands digit of 12457?
2
What is the tens digit of 1244?
4
What is the tens digit of 65375?
7
What is the tens digit of 1062?
6
What is the hundreds digit of 711?
7
What is the tens digit of 518?
1
What is the hundreds digit of 10495?
4
What is the tens digit of 1308?
0
What is the thousands digit of 17943?
7
What is the units digit of 8609?
9
What is the tens digit of 3711?
1
What is the hundreds digit of 471?
4
What is the hundreds digit of 18249?
2
What is the thousands digit of 7337?
7
What is the tens digit of 703?
0
What is the tens digit of 4133?
3
What is the units digit of 2680?
0
What is the units digit of 674?
4
What is the hundreds digit of 4735?
7
What is the hundreds digit of 3967?
9
What is the tens digit of 12898?
9
What is the thousands digit of 3144?
3
What is the thousands digit of 10811?
0
What is the hundreds digit of 876?
8
What is the thousands digit of 14117?
4
What is the hundreds digit of 5528?
5
What is the hundreds digit of 1640?
6
What is the tens digit of 349?
4
What is the tens digit of 1564?
6
What is the thousands digit of 1296?
1
What is the ten thousands digit of 17174?
1
What is the units digit of 8938?
8
What is the tens digit of 124127?
2
What is the ten thousands digit of 22099?
2
What is the hundreds digit of 22416?
4
What is the thousands digit of 2056?
2
What is the thousands digit of 8920?
8
What is the units digit of 7469?
9
What is the thousands digit of 7123?
7
What is the units digit of 35923?
3
What is the hundreds digit of 55797?
7
What is the hundreds digit of 10273?
2
What is the tens digit of 5439?
3
What is the tens digit of 11611?
1
What is the units digit of 3419?
9
What is the units digit of 3858?
8
What is the units digit of 377?
7
What is the hundreds digit of 7181?
1
What is the tens digit of 4064?
6
What is the tens digit of 7058?
5
What is the thousands digit of 20196?
0
What is the tens digit of 3021?
2
What is the tens digit of 14290?
9
What is the hundreds digit of 3260?
2
What is the hundreds digit of 2528?
5
What is the hundreds digit of 13256?
2
What is the tens digit of 36736?
3
What is the thousands digit of 1894?
1
What is the hundreds digit of 20600?
6
What is the thousands digit of 5870?
5
What is the units digit of 7928?
8
What is the tens digit of 36736?
3
What is the hundreds digit of 309?
3
What is the hundreds digit of 711?
7
What is the hundreds digit of 104271?
2
What is the units digit of 4897?
7
What is the tens digit of 10372?
7
What is the thousands digit of 10577?
0
What is the thousands digit of 9059?
9
What is the tens digit of 935?
3
What is the units digit of 74034?
4
What is the ten thousands digit of 19179?
1
What is the tens digit of 4360?
6
What is the units digit of 7632?
2
What is the hundreds digit of 5150?
1
What is the thousands digit of 6167?
6
What is the units digit of 1216?
6
What is the hundreds digit of 5048?
0
What is the ten thousands digit of 50321?
5
What is the tens digit of 8655?
5
What is the ten thousands digit of 17406?
1
What is the hundreds digit of 256?
2
What is the tens digit of 479?
7
What is the hundreds digit of 39193?
1
What is the thousands digit of 3965?
3
What is the units digit of 2088?
8
What is the tens digit of 3185?
8
What is the thousands digit of 6671?
6
What is the thousands digit of 1368?
1
What is the hundreds digit of 15820?
8
What is the thousands digit of 4835?
4
What is the hundreds digit of 6321?
3
What is the ten thousands digit of 172332?
7
What is the units digit of 3376?
6
What is the tens digit of 9608?
0
What is the thousands digit of 13405?
3
What is the thousands digit of 1522?
1
What is the tens digit of 1100?
0
What is the units digit of 4558?
8
What is the units digit of 676?
6
What is the tens digit of 72?
7
What is the units digit of 10937?
7
What is the thousands digit of 1340?
1
What is the thousands digit of 10173?
0
What is the tens digit of 21?
2
What is the tens digit of 53533?
3
What is the units digit of 25048?
8
What is the thousands digit of 4706?
4
What is the tens digit of 24880?
8
What is the hundreds digit of 42576?
5
What is the hundreds digit of 3337?
3
What is the units digit of 1112?
2
What is the tens digit of 2470?
7
What is the thousands digit of 2083?
2
What is the ten thousands digit of 10344?
1
What is the tens digit of 29326?
2
What is the hundreds digit of 320?
3
What is the thousands digit of 90405?
0
What is the units digit of 6490?
0
What is the hundreds digit of 2209?
2
What is the